
{"id":25464,"date":"2025-07-08T16:49:01","date_gmt":"2025-07-08T19:49:01","guid":{"rendered":"https:\/\/conexion.ub.edu.ar\/?page_id=25464"},"modified":"2025-07-08T17:22:30","modified_gmt":"2025-07-08T20:22:30","slug":"politica-de-cookies","status":"publish","type":"page","link":"https:\/\/conexion.ub.edu.ar\/index.php\/politica-de-cookies\/","title":{"rendered":"Pol\u00edtica de Cookies"},"content":{"rendered":"<p>[et_pb_section fb_built=&#8221;1&#8243; _builder_version=&#8221;4.27.4&#8243; _module_preset=&#8221;default&#8221; hover_enabled=&#8221;0&#8243; global_colors_info=&#8221;{}&#8221; background_color=&#8221;#eeefb8&#8243; sticky_enabled=&#8221;0&#8243;][et_pb_row _builder_version=&#8221;4.27.4&#8243; _module_preset=&#8221;default&#8221; width=&#8221;86.5%&#8221; global_colors_info=&#8221;{}&#8221;][et_pb_column type=&#8221;4_4&#8243; _builder_version=&#8221;4.27.4&#8243; _module_preset=&#8221;default&#8221; global_colors_info=&#8221;{}&#8221;][et_pb_text _builder_version=&#8221;4.27.4&#8243; _module_preset=&#8221;default&#8221; background_color=&#8221;#E02B20&#8243; global_colors_info=&#8221;{}&#8221; custom_margin=&#8221;-63px|||||&#8221;]<\/p>\n<h3><span style=\"color: #808080;\"><strong><\/strong><\/span><\/h3>\n<h3 style=\"padding-left: 80px;\"><span style=\"color: #ffffff;\"><strong>Pol\u00edtica de Cookies<\/strong><\/span><\/h3>\n<p style=\"padding-left: 40px;\"><span style=\"color: #ffffff;\"><span style=\"background-color: #e06100; color: #ffffff; font-size: 14px;\"><\/span><\/span><\/p>\n<p style=\"padding-left: 40px;\"><span style=\"color: #ffffff;\">Este sitio web utiliza cookies para mejorar la experiencia del usuario y recopilar datos estad\u00edsticos an\u00f3nimos. Al continuar navegando, acept\u00e1s el uso de cookies, salvo que las hayas desactivado.<\/span><\/p>\n<p style=\"padding-left: 40px;\"><span style=\"color: #ffffff;\">1. \u00bfQue son las cookies?<\/span><\/p>\n<p style=\"padding-left: 40px;\"><span style=\"color: #ffffff;\">\u00a0 \u00a0 Las cookies son peque\u00f1os archivos que se almacenan en tu dispositivo cuando visitas una p\u00e1gina web.<\/span><\/p>\n<p style=\"padding-left: 40px;\"><span style=\"color: #ffffff;\">2. \u00bfQu\u00e9 tipos de cookies usamos<\/span><\/p>\n<p style=\"padding-left: 40px;\"><span style=\"color: #ffffff; font-size: 14px;\">\u00a0 \u00a0 &#8211; Cookies t\u00e9cnicas: necesarias para el funcionamiento b\u00e1sico del sitio.<\/span><\/p>\n<p style=\"padding-left: 40px;\"><span style=\"color: #ffffff;\">\u00a0 \u00a0 &#8211; Cookies de terceros: como YouTube, Google Maps o redes sociales, si est\u00e1n incrustadas.<\/span><\/p>\n<p style=\"padding-left: 40px;\"><span style=\"color: #ffffff;\">3. \u00bfC\u00f3mo pod\u00e9s controlar las cookies?<\/span><br \/><span style=\"color: #ffffff;\"> <\/span><\/p>\n<p style=\"padding-left: 40px;\"><span style=\"color: #ffffff;\">\u00a0 \u00a0 Pod\u00e9s desactivar o eliminar las cookies desde la configuraci\u00f3n de tu navegador.<\/span><\/p>\n<p style=\"padding-left: 40px;\"><span style=\"color: #ffffff;\"><\/span><\/p>\n<p>[\/et_pb_text][et_pb_code _builder_version=&#8221;4.27.4&#8243; _module_preset=&#8221;default&#8221; global_colors_info=&#8221;{}&#8221; custom_margin=&#8221;-26px|||||&#8221;]<\/p>\n<div style=\"margin-top: 30px; text-align: center;\"><!-- [et_pb_line_break_holder] -->  <button onclick=\"aceptarCookiesYRedirigir()\" style=\"padding: 10px 20px; font-size: 16px; background-color: #e60000; color: white; border: none; border-radius: 5px; cursor: pointer;\"><!-- [et_pb_line_break_holder] -->    Aceptar y continuar<!-- [et_pb_line_break_holder] -->  <\/button><!-- [et_pb_line_break_holder] --><\/div>\n<p><!-- [et_pb_line_break_holder] --><!-- [et_pb_line_break_holder] --><script><!-- [et_pb_line_break_holder] -->function aceptarCookiesYRedirigir() {<!-- [et_pb_line_break_holder] -->  document.cookie = \"cookies_aceptadas=true; path=\/; max-age=\" + 60*60*24*365;<!-- [et_pb_line_break_holder] -->  window.location.href = \"\/index.php\"; \/\/ Cambi\u00e1 si quer\u00e9s otra URL<!-- [et_pb_line_break_holder] -->}<!-- [et_pb_line_break_holder] --><\/script><!-- [et_pb_line_break_holder] -->[\/et_pb_code][\/et_pb_column][\/et_pb_row][\/et_pb_section]<\/p>\n","protected":false},"excerpt":{"rendered":"<p>Pol\u00edtica de Cookies Este sitio web utiliza cookies para mejorar la experiencia del usuario y recopilar datos estad\u00edsticos an\u00f3nimos. Al continuar navegando, acept\u00e1s el uso de cookies, salvo que las hayas desactivado. 1. \u00bfQue son las cookies? \u00a0 \u00a0 Las cookies son peque\u00f1os archivos que se almacenan en tu dispositivo cuando visitas una p\u00e1gina web. [&hellip;]<\/p>\n","protected":false},"author":8,"featured_media":0,"parent":0,"menu_order":0,"comment_status":"closed","ping_status":"closed","template":"","meta":{"_et_pb_use_builder":"on","_et_pb_old_content":"","_et_gb_content_width":"","footnotes":""},"class_list":["post-25464","page","type-page","status-publish","hentry"],"_links":{"self":[{"href":"https:\/\/conexion.ub.edu.ar\/index.php\/wp-json\/wp\/v2\/pages\/25464","targetHints":{"allow":["GET"]}}],"collection":[{"href":"https:\/\/conexion.ub.edu.ar\/index.php\/wp-json\/wp\/v2\/pages"}],"about":[{"href":"https:\/\/conexion.ub.edu.ar\/index.php\/wp-json\/wp\/v2\/types\/page"}],"author":[{"embeddable":true,"href":"https:\/\/conexion.ub.edu.ar\/index.php\/wp-json\/wp\/v2\/users\/8"}],"replies":[{"embeddable":true,"href":"https:\/\/conexion.ub.edu.ar\/index.php\/wp-json\/wp\/v2\/comments?post=25464"}],"version-history":[{"count":5,"href":"https:\/\/conexion.ub.edu.ar\/index.php\/wp-json\/wp\/v2\/pages\/25464\/revisions"}],"predecessor-version":[{"id":25472,"href":"https:\/\/conexion.ub.edu.ar\/index.php\/wp-json\/wp\/v2\/pages\/25464\/revisions\/25472"}],"wp:attachment":[{"href":"https:\/\/conexion.ub.edu.ar\/index.php\/wp-json\/wp\/v2\/media?parent=25464"}],"curies":[{"name":"wp","href":"https:\/\/api.w.org\/{rel}","templated":true}]}}